{"id":860,"date":"2020-10-04T16:35:37","date_gmt":"2020-10-04T16:35:37","guid":{"rendered":"http:\/\/gemeinden.huegelland-taeler.de\/?page_id=860"},"modified":"2025-04-17T10:01:10","modified_gmt":"2025-04-17T10:01:10","slug":"weissbach","status":"publish","type":"page","link":"https:\/\/gemeinden.huegelland-taeler.de\/?page_id=860","title":{"rendered":"Wei\u00dfbach"},"content":{"rendered":"<div class=\"wp-block-image\">\n<figure class=\"alignright size-large\"><img decoding=\"async\" loading=\"lazy\" width=\"200\" height=\"114\" src=\"https:\/\/gemeinden.huegelland-taeler.de\/wp-content\/uploads\/2020\/10\/weissbachKk.gif\" alt=\"\" class=\"wp-image-861\"\/><\/figure><\/div>\n\n\n<figure class=\"wp-block-table\"><table><tbody><tr><td><strong>Gemeinde Wei\u00dfbach<\/strong><\/td><td><\/td><\/tr><tr><td>Bundesland: <\/td><td>Th\u00fcringen<\/td><\/tr><tr><td>Landkreis:<\/td><td>Saale-Holzland-Kreis<\/td><\/tr><tr><td>Fl\u00e4che der Gemarkung<\/td><td>531 ha<\/td><\/tr><tr><td>Einwohner<\/td><td>129<\/td><\/tr><tr><td>Adresse der Gemeindeverwaltung:<\/td><td>Dorfstra\u00dfe 14a<br>07646 Wei\u00dfbach<\/td><\/tr><tr><td>Postanschrift<\/td><td>Verwaltungsgemeinschaft \u201cH\u00fcgelland-T\u00e4ler\u201d<br>Gemeinde Wei\u00dfbach<br>Pfarrwinkel 10<br>07646 Tr\u00f6bnitz<\/td><\/tr><tr><td><\/td><td><\/td><\/tr><tr><td>Fax:<\/td><td>036426 64848<\/td><\/tr><tr><td>B\u00fcrgermeister:<\/td><td>Walter Kahlert (Handy: 0162\/4464988)<\/td><\/tr><tr><td>Sprechzeit:<\/td><td>nach telefonischer Vereinbarung<\/td><\/tr><tr><td>E-Mail:<\/td><td>gemeinde.weissbach@huegelland-taeler.de<\/td><\/tr><\/tbody><\/table><\/figure>\n\n\n\n<div class=\"wp-block-cover alignleft is-light\" style=\"min-height:335px\"><span aria-hidden=\"true\" class=\"wp-block-cover__background has-background-dim\"><\/span><img decoding=\"async\" loading=\"lazy\" width=\"385\" height=\"254\" class=\"wp-block-cover__image-background wp-image-863\" alt=\"\" src=\"https:\/\/gemeinden.huegelland-taeler.de\/wp-content\/uploads\/2020\/10\/akwei\u00dfbach2.jpg\" style=\"object-position:31% 100%\" data-object-fit=\"cover\" data-object-position=\"31% 100%\" srcset=\"https:\/\/gemeinden.huegelland-taeler.de\/wp-content\/uploads\/2020\/10\/akwei\u00dfbach2.jpg 385w, https:\/\/gemeinden.huegelland-taeler.de\/wp-content\/uploads\/2020\/10\/akwei\u00dfbach2-300x198.jpg 300w\" sizes=\"(max-width: 385px) 100vw, 385px\" \/><div class=\"wp-block-cover__inner-container\">\n<p class=\"has-text-align-center has-white-color has-text-color has-large-font-size\"><a href=\"https:\/\/www.huegelland-taeler.de\/html\/ortsgeschichteweissbach.html\">Orts-geschichte Wei\u00dfbach<\/a><\/p>\n<\/div><\/div>\n\n\n\n<div class=\"wp-block-cover alignleft is-light\" style=\"min-height:335px\"><span aria-hidden=\"true\" class=\"wp-block-cover__background has-background-dim\"><\/span><img decoding=\"async\" loading=\"lazy\" width=\"2560\" height=\"1707\" class=\"wp-block-cover__image-background wp-image-865\" alt=\"\" src=\"https:\/\/gemeinden.huegelland-taeler.de\/wp-content\/uploads\/2020\/10\/mai05-008-scaled.jpg\" data-object-fit=\"cover\" srcset=\"https:\/\/gemeinden.huegelland-taeler.de\/wp-content\/uploads\/2020\/10\/mai05-008-scaled.jpg 2560w, https:\/\/gemeinden.huegelland-taeler.de\/wp-content\/uploads\/2020\/10\/mai05-008-300x200.jpg 300w, https:\/\/gemeinden.huegelland-taeler.de\/wp-content\/uploads\/2020\/10\/mai05-008-1024x683.jpg 1024w, https:\/\/gemeinden.huegelland-taeler.de\/wp-content\/uploads\/2020\/10\/mai05-008-768x512.jpg 768w, https:\/\/gemeinden.huegelland-taeler.de\/wp-content\/uploads\/2020\/10\/mai05-008-1536x1024.jpg 1536w, https:\/\/gemeinden.huegelland-taeler.de\/wp-content\/uploads\/2020\/10\/mai05-008-2048x1365.jpg 2048w\" sizes=\"(max-width: 2560px) 100vw, 2560px\" \/><div class=\"wp-block-cover__inner-container\">\n<p class=\"has-text-align-center has-white-color has-text-color has-large-font-size\"><a href=\"https:\/\/www.huegelland-taeler.de\/html\/weissbach_nachgeschaut_2011.html\">In Wei\u00dfbach nach-geschaut 2011<\/a><\/p>\n<\/div><\/div>\n\n\n\n<p><\/p>\n\n\n\n<div class=\"wp-block-cover alignleft is-light\" style=\"min-height:336px\"><span aria-hidden=\"true\" class=\"wp-block-cover__background has-background-dim\"><\/span><img decoding=\"async\" loading=\"lazy\" width=\"800\" height=\"600\" class=\"wp-block-cover__image-background wp-image-867\" alt=\"\" src=\"https:\/\/gemeinden.huegelland-taeler.de\/wp-content\/uploads\/2020\/10\/Wei\u00dfbach2.jpg\" data-object-fit=\"cover\" srcset=\"https:\/\/gemeinden.huegelland-taeler.de\/wp-content\/uploads\/2020\/10\/Wei\u00dfbach2.jpg 800w, https:\/\/gemeinden.huegelland-taeler.de\/wp-content\/uploads\/2020\/10\/Wei\u00dfbach2-300x225.jpg 300w, https:\/\/gemeinden.huegelland-taeler.de\/wp-content\/uploads\/2020\/10\/Wei\u00dfbach2-768x576.jpg 768w, https:\/\/gemeinden.huegelland-taeler.de\/wp-content\/uploads\/2020\/10\/Wei\u00dfbach2-600x450.jpg 600w\" sizes=\"(max-width: 800px) 100vw, 800px\" \/><div class=\"wp-block-cover__inner-container\">\n<p class=\"has-text-align-center has-white-color has-text-color has-large-font-size\"><a href=\"https:\/\/www.huegelland-taeler.de\/html\/weissbach_nachgeschaut_2017.html\">In Wei\u00dfbach nach-geschaut 2017<\/a><\/p>\n<\/div><\/div>\n\n\n\n<p><\/p>\n\n\n\n<div class=\"wp-block-cover alignleft\" style=\"min-height:336px\"><span aria-hidden=\"true\" class=\"wp-block-cover__background has-background-dim\"><\/span><img decoding=\"async\" loading=\"lazy\" width=\"567\" height=\"737\" class=\"wp-block-cover__image-background wp-image-869\" alt=\"\" src=\"https:\/\/gemeinden.huegelland-taeler.de\/wp-content\/uploads\/2020\/10\/Rothvorwerk_3.jpg\" data-object-fit=\"cover\" srcset=\"https:\/\/gemeinden.huegelland-taeler.de\/wp-content\/uploads\/2020\/10\/Rothvorwerk_3.jpg 567w, https:\/\/gemeinden.huegelland-taeler.de\/wp-content\/uploads\/2020\/10\/Rothvorwerk_3-231x300.jpg 231w\" sizes=\"(max-width: 567px) 100vw, 567px\" \/><div class=\"wp-block-cover__inner-container\">\n<p class=\"has-text-align-center has-white-color has-text-color has-large-font-size\"><a href=\"https:\/\/www.huegelland-taeler.de\/html\/rothvorwerk.html\">Das Roth-vorwerk bei Wei\u00dfbach<\/a><\/p>\n<\/div><\/div>\n\n\n\n<p><\/p>\n","protected":false},"excerpt":{"rendered":"<p>Gemeinde Wei\u00dfbach Bundesland: Th\u00fcringen Landkreis: Saale-Holzland-Kreis Fl\u00e4che der Gemarkung 531 ha Einwohner 129 Adresse der Gemeindeverwaltung: Dorfstra\u00dfe 14a07646 Wei\u00dfbach Postanschrift Verwaltungsgemeinschaft \u201cH\u00fcgelland-T\u00e4ler\u201dGemeinde Wei\u00dfbachPfarrwinkel 1007646 Tr\u00f6bnitz Fax: 036426 64848 B\u00fcrgermeister: Walter Kahlert (Handy: 0162\/4464988) Sprechzeit: nach telefonischer Vereinbarung E-Mail: gemeinde.weissbach@huegelland-taeler.de<\/p>\n","protected":false},"author":1,"featured_media":0,"parent":8,"menu_order":0,"comment_status":"closed","ping_status":"closed","template":"templates\/template-no-sidebar.php","meta":[],"_links":{"self":[{"href":"https:\/\/gemeinden.huegelland-taeler.de\/index.php?rest_route=\/wp\/v2\/pages\/860"}],"collection":[{"href":"https:\/\/gemeinden.huegelland-taeler.de\/index.php?rest_route=\/wp\/v2\/pages"}],"about":[{"href":"https:\/\/gemeinden.huegelland-taeler.de\/index.php?rest_route=\/wp\/v2\/types\/page"}],"author":[{"embeddable":true,"href":"https:\/\/gemeinden.huegelland-taeler.de\/index.php?rest_route=\/wp\/v2\/users\/1"}],"replies":[{"embeddable":true,"href":"https:\/\/gemeinden.huegelland-taeler.de\/index.php?rest_route=%2Fwp%2Fv2%2Fcomments&post=860"}],"version-history":[{"count":15,"href":"https:\/\/gemeinden.huegelland-taeler.de\/index.php?rest_route=\/wp\/v2\/pages\/860\/revisions"}],"predecessor-version":[{"id":1852,"href":"https:\/\/gemeinden.huegelland-taeler.de\/index.php?rest_route=\/wp\/v2\/pages\/860\/revisions\/1852"}],"up":[{"embeddable":true,"href":"https:\/\/gemeinden.huegelland-taeler.de\/index.php?rest_route=\/wp\/v2\/pages\/8"}],"wp:attachment":[{"href":"https:\/\/gemeinden.huegelland-taeler.de\/index.php?rest_route=%2Fwp%2Fv2%2Fmedia&parent=860"}],"curies":[{"name":"wp","href":"https:\/\/api.w.org\/{rel}","templated":true}]}}