{"id":460,"date":"2020-02-14T08:16:32","date_gmt":"2020-02-14T08:16:32","guid":{"rendered":"http:\/\/gemeinden.huegelland-taeler.de\/?page_id=460"},"modified":"2020-02-14T08:16:32","modified_gmt":"2020-02-14T08:16:32","slug":"spritzenfest-gneus","status":"publish","type":"page","link":"https:\/\/gemeinden.huegelland-taeler.de\/?page_id=460","title":{"rendered":"Spritzenfest Gneus"},"content":{"rendered":"\n<p><strong>Spritzenfest der Gneuser Feuerwehr<\/strong><\/p>\n\n\n\n<div class=\"wp-block-image\"><figure class=\"alignleft size-large is-resized\"><img decoding=\"async\" loading=\"lazy\" src=\"https:\/\/gemeinden.huegelland-taeler.de\/wp-content\/uploads\/2020\/02\/Spritzenfest2008_1a.jpg\" alt=\"\" class=\"wp-image-467\" width=\"541\" height=\"241\" srcset=\"https:\/\/gemeinden.huegelland-taeler.de\/wp-content\/uploads\/2020\/02\/Spritzenfest2008_1a.jpg 641w, https:\/\/gemeinden.huegelland-taeler.de\/wp-content\/uploads\/2020\/02\/Spritzenfest2008_1a-300x134.jpg 300w\" sizes=\"(max-width: 541px) 100vw, 541px\" \/><\/figure><\/div>\n\n\n\n<p>Ein\n Hauch von Historie wehte am Abend des 27. Juni 2008 durch den Saal des \nGemeindehauses in Untergneus. Der B\u00fcrgermeister und die Feuerwehr der \nGemeinde Gneus hatten an diesem Freitagabend zur Festsitzung aus Anlass \nder Ersterw\u00e4hnung eines Spritzenfestes vor 225 Jahren eingeladen.<\/p>\n\n\n\n<div class=\"wp-block-image\"><figure class=\"alignright size-large\"><img decoding=\"async\" loading=\"lazy\" width=\"334\" height=\"417\" src=\"https:\/\/gemeinden.huegelland-taeler.de\/wp-content\/uploads\/2020\/02\/Spritzenfest2008_2a.jpg\" alt=\"\" class=\"wp-image-461\" srcset=\"https:\/\/gemeinden.huegelland-taeler.de\/wp-content\/uploads\/2020\/02\/Spritzenfest2008_2a.jpg 334w, https:\/\/gemeinden.huegelland-taeler.de\/wp-content\/uploads\/2020\/02\/Spritzenfest2008_2a-240x300.jpg 240w\" sizes=\"(max-width: 334px) 100vw, 334px\" \/><\/figure><\/div>\n\n\n\n<p>B\u00fcrgermeister\n G\u00fcnter Seim f\u00fchrte die zahlreichen G\u00e4ste mit seinen Ausf\u00fchrungen durch \ndie Geschichte der Gemeindefeuerwehr. Viele Passagen erz\u00e4hlen von der \nSchwere fr\u00fcherer Feuerwehrt\u00e4tigkeit, einige \u00dcberlieferungen verleiteten \naber auch zum Schmunzeln. <br>Ortschronist Wolfgang Seim hatte zur \nVorbereitung der Veranstaltung wieder einmal ganze Arbeit geleistet. \nGr\u00fc\u00dfe zum Fest \u00fcberbrachten der Landtagsabgeordnete Wolfgang Fiedler und\n VG \u2013Vorsitzender Weidemann, sowie die Nachbarwehren aus Oberbodnitz und\n Geisenhain. Fiedler brachte in seiner volkst\u00fcmlichen Art seine \nVerbundenheit mit dem Feuerwehrwesen&nbsp; dar. Ortsbrandmeister Gr\u00e4fe und \nWehrleiter Meinhardt nahmen anschlie\u00dfend noch Auszeichnungen von \nverdienstvollen Kameraden vor. <br>Die Gneuser sind sich ihrer \ngeschichtlichen Verpflichtung bewusst und wollen auch weiterhin eine \neigenst\u00e4ndige Feuerwehr behalten. <\/p>\n\n\n\n<figure class=\"wp-block-image size-large\"><img decoding=\"async\" loading=\"lazy\" width=\"669\" height=\"337\" src=\"https:\/\/gemeinden.huegelland-taeler.de\/wp-content\/uploads\/2020\/02\/Spritzenfest2008_3a.jpg\" alt=\"\" class=\"wp-image-462\" srcset=\"https:\/\/gemeinden.huegelland-taeler.de\/wp-content\/uploads\/2020\/02\/Spritzenfest2008_3a.jpg 669w, https:\/\/gemeinden.huegelland-taeler.de\/wp-content\/uploads\/2020\/02\/Spritzenfest2008_3a-300x151.jpg 300w\" sizes=\"(max-width: 669px) 100vw, 669px\" \/><\/figure>\n\n\n\n<p>Einen\n Tag sp\u00e4ter feierten die Gneuser Feuerwehrleute mit ihren G\u00e4sten bei \nkultureller Umrahmung durch die Tr\u00f6bnitzer Musikanten auf ihrem \nDorfplatz ihr aktuellstes Spritzenfest. Bei der Gelegenheit konnte die \nkleine, aber feine, Ausstellung zur Geschichte der Freiwilligen \nFeuerwehr in Gneus besichtigt werden und die historische \nHanddruckspritze der Gneuser Feuerwehr in Augenschein genommen werden. \nF\u00fcr eine gute Versorgung der G\u00e4ste war ebenfalls gesorgt. Die \nJugendfeuerwehr Tr\u00f6bnitz, zu der auch Feuerwehranw\u00e4rter aus Gneus \ngeh\u00f6ren, demonstrierten den G\u00e4sten, dass sie ebenfalls in der Lage sind,\n mit der historischen Technik umzugehen und legten einen kleinen \nL\u00f6schangriff mit der Handdruckspritze hin.<\/p>\n\n\n\n<figure class=\"wp-block-image size-large\"><img decoding=\"async\" loading=\"lazy\" width=\"659\" height=\"542\" src=\"https:\/\/gemeinden.huegelland-taeler.de\/wp-content\/uploads\/2020\/02\/Spritzenfest2008_4a.jpg\" alt=\"\" class=\"wp-image-463\" srcset=\"https:\/\/gemeinden.huegelland-taeler.de\/wp-content\/uploads\/2020\/02\/Spritzenfest2008_4a.jpg 659w, https:\/\/gemeinden.huegelland-taeler.de\/wp-content\/uploads\/2020\/02\/Spritzenfest2008_4a-300x247.jpg 300w\" sizes=\"(max-width: 659px) 100vw, 659px\" \/><\/figure>\n\n\n\n<figure class=\"wp-block-image size-large is-resized\"><img decoding=\"async\" loading=\"lazy\" src=\"https:\/\/gemeinden.huegelland-taeler.de\/wp-content\/uploads\/2020\/02\/Spritzenfest2008_5a.jpg\" alt=\"\" class=\"wp-image-464\" width=\"658\" height=\"469\" srcset=\"https:\/\/gemeinden.huegelland-taeler.de\/wp-content\/uploads\/2020\/02\/Spritzenfest2008_5a.jpg 627w, https:\/\/gemeinden.huegelland-taeler.de\/wp-content\/uploads\/2020\/02\/Spritzenfest2008_5a-300x214.jpg 300w\" sizes=\"(max-width: 658px) 100vw, 658px\" \/><\/figure>\n\n\n\n<div class=\"wp-block-image\"><figure class=\"alignleft size-large is-resized\"><img decoding=\"async\" loading=\"lazy\" src=\"https:\/\/gemeinden.huegelland-taeler.de\/wp-content\/uploads\/2020\/02\/Spritzenfest2008_7b.jpg\" alt=\"\" class=\"wp-image-465\" width=\"464\" height=\"275\" srcset=\"https:\/\/gemeinden.huegelland-taeler.de\/wp-content\/uploads\/2020\/02\/Spritzenfest2008_7b.jpg 400w, https:\/\/gemeinden.huegelland-taeler.de\/wp-content\/uploads\/2020\/02\/Spritzenfest2008_7b-300x178.jpg 300w\" sizes=\"(max-width: 464px) 100vw, 464px\" \/><\/figure><\/div>\n\n\n\n<figure class=\"wp-block-image size-large\"><img decoding=\"async\" loading=\"lazy\" width=\"400\" height=\"314\" src=\"https:\/\/gemeinden.huegelland-taeler.de\/wp-content\/uploads\/2020\/02\/Spritzenfest2008_8b.jpg\" alt=\"\" class=\"wp-image-466\" srcset=\"https:\/\/gemeinden.huegelland-taeler.de\/wp-content\/uploads\/2020\/02\/Spritzenfest2008_8b.jpg 400w, https:\/\/gemeinden.huegelland-taeler.de\/wp-content\/uploads\/2020\/02\/Spritzenfest2008_8b-300x236.jpg 300w\" sizes=\"(max-width: 400px) 100vw, 400px\" \/><\/figure>\n\n\n\n<p><\/p>\n","protected":false},"excerpt":{"rendered":"<p>Spritzenfest der Gneuser Feuerwehr Ein Hauch von Historie wehte am Abend des 27. Juni 2008 durch den Saal des Gemeindehauses in Untergneus. Der B\u00fcrgermeister und die Feuerwehr der Gemeinde Gneus hatten an diesem Freitagabend zur Festsitzung aus Anlass der Ersterw\u00e4hnung eines Spritzenfestes vor 225 Jahren eingeladen. B\u00fcrgermeister G\u00fcnter Seim f\u00fchrte die zahlreichen G\u00e4ste mit seinen Ausf\u00fchrungen durch die Geschichte der Gemeindefeuerwehr. Viele Passagen erz\u00e4hlen von der Schwere fr\u00fcherer Feuerwehrt\u00e4tigkeit, einige \u00dcberlieferungen verleiteten aber auch zum Schmunzeln. Ortschronist Wolfgang Seim hatte&#8230;<\/p>\n<p class=\"read-more\"><a class=\"btn btn-default\" href=\"https:\/\/gemeinden.huegelland-taeler.de\/?page_id=460\">Weiterlesen<span class=\"screen-reader-text\"> Weiterlesen<\/span><\/a><\/p>\n","protected":false},"author":1,"featured_media":0,"parent":442,"menu_order":0,"comment_status":"closed","ping_status":"closed","template":"templates\/template-no-sidebar.php","meta":[],"_links":{"self":[{"href":"https:\/\/gemeinden.huegelland-taeler.de\/index.php?rest_route=\/wp\/v2\/pages\/460"}],"collection":[{"href":"https:\/\/gemeinden.huegelland-taeler.de\/index.php?rest_route=\/wp\/v2\/pages"}],"about":[{"href":"https:\/\/gemeinden.huegelland-taeler.de\/index.php?rest_route=\/wp\/v2\/types\/page"}],"author":[{"embeddable":true,"href":"https:\/\/gemeinden.huegelland-taeler.de\/index.php?rest_route=\/wp\/v2\/users\/1"}],"replies":[{"embeddable":true,"href":"https:\/\/gemeinden.huegelland-taeler.de\/index.php?rest_route=%2Fwp%2Fv2%2Fcomments&post=460"}],"version-history":[{"count":1,"href":"https:\/\/gemeinden.huegelland-taeler.de\/index.php?rest_route=\/wp\/v2\/pages\/460\/revisions"}],"predecessor-version":[{"id":468,"href":"https:\/\/gemeinden.huegelland-taeler.de\/index.php?rest_route=\/wp\/v2\/pages\/460\/revisions\/468"}],"up":[{"embeddable":true,"href":"https:\/\/gemeinden.huegelland-taeler.de\/index.php?rest_route=\/wp\/v2\/pages\/442"}],"wp:attachment":[{"href":"https:\/\/gemeinden.huegelland-taeler.de\/index.php?rest_route=%2Fwp%2Fv2%2Fmedia&parent=460"}],"curies":[{"name":"wp","href":"https:\/\/api.w.org\/{rel}","templated":true}]}}