{"id":124,"date":"2019-07-26T15:11:05","date_gmt":"2019-07-26T15:11:05","guid":{"rendered":"http:\/\/gemeinden.huegelland-taeler.de\/?page_id=124"},"modified":"2019-07-26T15:11:24","modified_gmt":"2019-07-26T15:11:24","slug":"pechofen-geisenhain","status":"publish","type":"page","link":"https:\/\/gemeinden.huegelland-taeler.de\/?page_id=124","title":{"rendered":"Pechofen Geisenhain"},"content":{"rendered":"\n<p><strong>Der Pechofen in Geisenhain<\/strong><br>(von Leopold Koch in \u201eHeimatbl\u00e4tter f\u00fcr den Kreis Stadtroda\u201c 1956-59)<\/p>\n\n\n\n<p>Wenn\n man auf der Stra\u00dfe von Stadtroda nach Wolfersdorf &#8211; Neustadt\/O. geht \nund das Dorf Geisenhain und die steinerne Br\u00fccke passiert, so kann man \nam Walde links auf der H\u00f6he ei eigenartiges Geb\u00e4ude sehen. Beim \nN\u00e4hertreten merkt man dann schon am Teer- und Pechgeruch, dass ein \nPechofen in der N\u00e4he ist. Die gelbe Lehmhaube leuchtet schon von Weitem \nher\u00fcber.<\/p>\n\n\n\n<div class=\"wp-block-image\"><figure class=\"alignleft is-resized\"><img decoding=\"async\" loading=\"lazy\" src=\"https:\/\/gemeinden.huegelland-taeler.de\/wp-content\/uploads\/2019\/07\/a_pechofen_4.jpg\" alt=\"\" class=\"wp-image-125\" width=\"437\" height=\"183\" srcset=\"https:\/\/gemeinden.huegelland-taeler.de\/wp-content\/uploads\/2019\/07\/a_pechofen_4.jpg 596w, https:\/\/gemeinden.huegelland-taeler.de\/wp-content\/uploads\/2019\/07\/a_pechofen_4-300x126.jpg 300w\" sizes=\"(max-width: 437px) 100vw, 437px\" \/><\/figure><\/div>\n\n\n\n<div class=\"wp-block-image\"><figure class=\"alignleft is-resized\"><img decoding=\"async\" loading=\"lazy\" src=\"https:\/\/gemeinden.huegelland-taeler.de\/wp-content\/uploads\/2019\/07\/pechofen_3.jpg\" alt=\"\" class=\"wp-image-126\" width=\"435\" height=\"261\" srcset=\"https:\/\/gemeinden.huegelland-taeler.de\/wp-content\/uploads\/2019\/07\/pechofen_3.jpg 367w, https:\/\/gemeinden.huegelland-taeler.de\/wp-content\/uploads\/2019\/07\/pechofen_3-300x180.jpg 300w\" sizes=\"(max-width: 435px) 100vw, 435px\" \/><\/figure><\/div>\n\n\n\n<p>Es\n ist ein alter, aus Backsteinen gemauerter Ofen. Er hat zwei 12 cm \nstarke, nebeneinander laufende Mauern, die sich oben am Scheitel \nmiteinander verbinden. Die Steine sind beim Aufmauern mit Lehmm\u00f6rtel \nverbunden worden. Die \u00e4u\u00dferen Ansichtsfl\u00e4chen sind mit einer starken, \nmit Stroh vermischten Lehmschicht umgeben worden.die F\u00fcllung des Ofens \nmit kienigem holz musste kunstgerecht ausgef\u00fchrt werden, damit der \naufgesetzte Holzsto\u00df nicht zusammenfallen konnte und den ganzen Brand \nverdarb.<\/p>\n\n\n\n<p>War\n der Ofen gef\u00fcllt und der Brenner, die beiden L\u00f6cher zum gro\u00dfen Ein- und\n aussteigen, mit Steinplatten oder Ziegelsteinen verschlossen, dann \nkonnte der Brand angelegt werden. <\/p>\n\n\n\n<p>Die\n Flamme schlug in den Luftraum zwischen den beiden W\u00e4nden; der Rauch kam\n so durch die kleinen L\u00f6cher im \u00e4u\u00dferen Mantel ins Freie gelangen. Das \nHolz fing bald an zu schwitzen, Pech und Terpentin liefen heraus auf den\n Boden durch die beiden vorgesehenen R\u00f6hren in die Rinnen und in die \nbereitgestellten Gef\u00e4\u00dfe. Drei Tage und zwei N\u00e4chte wurde nun das Feuer \ngesch\u00fcrt. Der Brenner konnte also nur f\u00fcr kurze Zeit den Ofen verlassen.<\/p>\n\n\n\n<p>Die\n untere Rinne fing das Pechwasser und das obere d\u00fcnne Metallrohr das \nTerpentin\u00f6l auf. Waren \u00d6l und Pech herausgelaufen und das Holz \nausgesaugt, so wurde der Ofen entleert. <\/p>\n\n\n\n<p>Die\n beiden gro\u00dfen L\u00f6cher wurden ge\u00f6ffnet, das ausgesaugte Holz \nherausgenommen und der Ofen zu neuem brand fertig gemacht. Teer und \nTerpentin\u00f6l wurden in gr\u00f6\u00dfere Tonflaschen gef\u00fcllt. Diese Flaschen wurden\n dann zu Hause in Holzf\u00e4sser umgef\u00fcllt und vom B\u00f6ttcher fachm\u00e4nnisch \nverschlossen, auf Schubkarren geladen und vom Pecher verkauft.<\/p>\n\n\n\n<p>Ein\n Pfund hat 3 Pfennige gekostet. Der Pecher kam mit seiner Schubkarre und\n sp\u00e4ter auch mit dem Handwagen oder mit dem Gespann bis weit nach \nSachsen und Bayern hinein. Er kam dann oft nach Wochen oder Monaten \nwieder heim und hatte gute Gesch\u00e4fte gemacht.<\/p>\n\n\n\n<p>Durch die gro\u00dfen Erfolge der Technik und der Wissenschaft ist auch dieses Handwerk zum Erliegen gekommen.<\/p>\n\n\n\n<p>Im  Jahre 1927 brannte der Pechofen in Geisenhain zum letzten Mal und steht  seit dieser Zeit unbenutzt. Jetzt ist er auf Beschluss unserer  Regierung unter Denkmalschutz gestellt, damit er als Natur- und  Baudenkmal noch recht lange der Nachwelt in Erinnerung bleibt. Das Dorf  Geisenhain hat in seinem Gemeindesiegel eine Abbildung des Pechofens  eingesetzt, und es zeigt dadurch, wie stolz es ist, ein solches Handwerk  im Dorf gehabt zu haben. Zum Schutz gegen Unwetter ist eine \u00dcberdachung  \u00fcber den Pechofen gebaut worden. Wir hoffen, dass er noch recht lange  erhalten bleibt.<\/p>\n\n\n\n<div class=\"wp-block-image\"><figure class=\"alignleft is-resized\"><img decoding=\"async\" loading=\"lazy\" src=\"https:\/\/gemeinden.huegelland-taeler.de\/wp-content\/uploads\/2019\/07\/Pechofen2kl.jpg\" alt=\"\" class=\"wp-image-127\" width=\"396\" height=\"297\" srcset=\"https:\/\/gemeinden.huegelland-taeler.de\/wp-content\/uploads\/2019\/07\/Pechofen2kl.jpg 328w, https:\/\/gemeinden.huegelland-taeler.de\/wp-content\/uploads\/2019\/07\/Pechofen2kl-300x225.jpg 300w\" sizes=\"(max-width: 396px) 100vw, 396px\" \/><\/figure><\/div>\n\n\n\n<div class=\"wp-block-image\"><figure class=\"alignleft is-resized\"><img decoding=\"async\" loading=\"lazy\" src=\"https:\/\/gemeinden.huegelland-taeler.de\/wp-content\/uploads\/2019\/07\/Pechofen4kl.jpg\" alt=\"\" class=\"wp-image-128\" width=\"378\" height=\"298\" srcset=\"https:\/\/gemeinden.huegelland-taeler.de\/wp-content\/uploads\/2019\/07\/Pechofen4kl.jpg 384w, https:\/\/gemeinden.huegelland-taeler.de\/wp-content\/uploads\/2019\/07\/Pechofen4kl-300x237.jpg 300w\" sizes=\"(max-width: 378px) 100vw, 378px\" \/><\/figure><\/div>\n\n\n\n<p>(Anmerkung:\n die Skizzen sind ebenfalls den Heimatbl\u00e4ttern entnommen. Auf der \nInformationstafel am Pechofen Geisenhain findet sich als Jahreszahl f\u00fcr \nden letzten Versuchsbrand das Jahr 1934. <\/p>\n","protected":false},"excerpt":{"rendered":"<p>Der Pechofen in Geisenhain(von Leopold Koch in \u201eHeimatbl\u00e4tter f\u00fcr den Kreis Stadtroda\u201c 1956-59) Wenn man auf der Stra\u00dfe von Stadtroda nach Wolfersdorf &#8211; Neustadt\/O. geht und das Dorf Geisenhain und die steinerne Br\u00fccke passiert, so kann man am Walde links auf der H\u00f6he ei eigenartiges Geb\u00e4ude sehen. Beim N\u00e4hertreten merkt man dann schon am Teer- und Pechgeruch, dass ein Pechofen in der N\u00e4he ist. Die gelbe Lehmhaube leuchtet schon von Weitem her\u00fcber. Es ist ein alter, aus Backsteinen gemauerter Ofen&#8230;.<\/p>\n<p class=\"read-more\"><a class=\"btn btn-default\" href=\"https:\/\/gemeinden.huegelland-taeler.de\/?page_id=124\">Weiterlesen<span class=\"screen-reader-text\"> Weiterlesen<\/span><\/a><\/p>\n","protected":false},"author":1,"featured_media":0,"parent":27,"menu_order":0,"comment_status":"closed","ping_status":"closed","template":"templates\/template-fullwidth.php","meta":[],"_links":{"self":[{"href":"https:\/\/gemeinden.huegelland-taeler.de\/index.php?rest_route=\/wp\/v2\/pages\/124"}],"collection":[{"href":"https:\/\/gemeinden.huegelland-taeler.de\/index.php?rest_route=\/wp\/v2\/pages"}],"about":[{"href":"https:\/\/gemeinden.huegelland-taeler.de\/index.php?rest_route=\/wp\/v2\/types\/page"}],"author":[{"embeddable":true,"href":"https:\/\/gemeinden.huegelland-taeler.de\/index.php?rest_route=\/wp\/v2\/users\/1"}],"replies":[{"embeddable":true,"href":"https:\/\/gemeinden.huegelland-taeler.de\/index.php?rest_route=%2Fwp%2Fv2%2Fcomments&post=124"}],"version-history":[{"count":1,"href":"https:\/\/gemeinden.huegelland-taeler.de\/index.php?rest_route=\/wp\/v2\/pages\/124\/revisions"}],"predecessor-version":[{"id":129,"href":"https:\/\/gemeinden.huegelland-taeler.de\/index.php?rest_route=\/wp\/v2\/pages\/124\/revisions\/129"}],"up":[{"embeddable":true,"href":"https:\/\/gemeinden.huegelland-taeler.de\/index.php?rest_route=\/wp\/v2\/pages\/27"}],"wp:attachment":[{"href":"https:\/\/gemeinden.huegelland-taeler.de\/index.php?rest_route=%2Fwp%2Fv2%2Fmedia&parent=124"}],"curies":[{"name":"wp","href":"https:\/\/api.w.org\/{rel}","templated":true}]}}