{"id":1068,"date":"2020-10-26T15:03:54","date_gmt":"2020-10-26T15:03:54","guid":{"rendered":"http:\/\/gemeinden.huegelland-taeler.de\/?page_id=1068"},"modified":"2026-01-06T17:16:17","modified_gmt":"2026-01-06T17:16:17","slug":"satzungen-renthendorf-mit-hellborn","status":"publish","type":"page","link":"https:\/\/gemeinden.huegelland-taeler.de\/?page_id=1068","title":{"rendered":"Satzungen Renthendorf mit Hellborn"},"content":{"rendered":"\n<p>Hauptsatzung der Gemeinde Renthendorf<\/p>\n\n\n\n<div class=\"wp-block-file\"><a id=\"wp-block-file--media-c3261896-2394-4606-a35d-5283e8f948e6\" href=\"https:\/\/gemeinden.huegelland-taeler.de\/wp-content\/uploads\/2026\/01\/Hauptsatzung-mit-2.-Aenderung-Gemeinde-Renthendorf.pdf\">Hauptsatzung-mit-2.-Aenderung-Gemeinde-Renthendorf<\/a><a href=\"https:\/\/gemeinden.huegelland-taeler.de\/wp-content\/uploads\/2026\/01\/Hauptsatzung-mit-2.-Aenderung-Gemeinde-Renthendorf.pdf\" class=\"wp-block-file__button wp-element-button\" download aria-describedby=\"wp-block-file--media-c3261896-2394-4606-a35d-5283e8f948e6\">Herunterladen<\/a><\/div>\n\n\n\n<p>Hebesatzsatzung der Gemeinde Renthendorf<\/p>\n\n\n\n<div class=\"wp-block-file\"><a id=\"wp-block-file--media-cb2bc416-4f7c-417d-b9e0-15da03a23d14\" href=\"https:\/\/gemeinden.huegelland-taeler.de\/wp-content\/uploads\/2025\/06\/Hebesatzsatzung-der-Gemeinde-Renthendorf.pdf\">Hebesatzsatzung-der-Gemeinde-Renthendorf<\/a><a href=\"https:\/\/gemeinden.huegelland-taeler.de\/wp-content\/uploads\/2025\/06\/Hebesatzsatzung-der-Gemeinde-Renthendorf.pdf\" class=\"wp-block-file__button wp-element-button\" download aria-describedby=\"wp-block-file--media-cb2bc416-4f7c-417d-b9e0-15da03a23d14\">Herunterladen<\/a><\/div>\n\n\n\n<p>Hundesteuersatzung der Gemeinde Renthendorf<\/p>\n\n\n\n<div class=\"wp-block-file\"><a id=\"wp-block-file--media-4cd814b7-8a3e-41f0-bc12-a901687b1601\" href=\"https:\/\/gemeinden.huegelland-taeler.de\/wp-content\/uploads\/2025\/06\/Hundesteuersatzung-der-Gemeinde-Renthendorf.pdf\">Hundesteuersatzung-der-Gemeinde-Renthendorf<\/a><a href=\"https:\/\/gemeinden.huegelland-taeler.de\/wp-content\/uploads\/2025\/06\/Hundesteuersatzung-der-Gemeinde-Renthendorf.pdf\" class=\"wp-block-file__button wp-element-button\" download aria-describedby=\"wp-block-file--media-4cd814b7-8a3e-41f0-bc12-a901687b1601\">Herunterladen<\/a><\/div>\n\n\n\n<p>Feuerwehrsatzung der Gemeinde Renthendorf<\/p>\n\n\n\n<div class=\"wp-block-file\"><a id=\"wp-block-file--media-b2fc84e7-2e49-4103-a3a5-cd6ddaed7712\" href=\"https:\/\/gemeinden.huegelland-taeler.de\/wp-content\/uploads\/2025\/06\/Feuerwehrsatzung-der-Gemeinde-Renthendorf.pdf\">Feuerwehrsatzung-der-Gemeinde-Renthendorf<\/a><a href=\"https:\/\/gemeinden.huegelland-taeler.de\/wp-content\/uploads\/2025\/06\/Feuerwehrsatzung-der-Gemeinde-Renthendorf.pdf\" class=\"wp-block-file__button wp-element-button\" download aria-describedby=\"wp-block-file--media-b2fc84e7-2e49-4103-a3a5-cd6ddaed7712\">Herunterladen<\/a><\/div>\n\n\n\n<p>Feuerwehrgeb\u00fchrensatzung der Gemeinde Renthendorf<\/p>\n\n\n\n<div class=\"wp-block-file\"><a id=\"wp-block-file--media-3f0e2da0-32c0-4442-8d1a-9776151088ea\" href=\"https:\/\/gemeinden.huegelland-taeler.de\/wp-content\/uploads\/2025\/06\/Feuerwehrgebuehrensatzung-der-Gemeinde-Renthendorf.pdf\">Feuerwehrgebuehrensatzung-der-Gemeinde-Renthendorf<\/a><a href=\"https:\/\/gemeinden.huegelland-taeler.de\/wp-content\/uploads\/2025\/06\/Feuerwehrgebuehrensatzung-der-Gemeinde-Renthendorf.pdf\" class=\"wp-block-file__button wp-element-button\" download aria-describedby=\"wp-block-file--media-3f0e2da0-32c0-4442-8d1a-9776151088ea\">Herunterladen<\/a><\/div>\n\n\n\n<p>Feuerwehraufwandsentsch\u00e4digungssatzung der Gemeinde Renthendorf<\/p>\n\n\n\n<div class=\"wp-block-file\"><a id=\"wp-block-file--media-578f39db-b6e1-4884-ba4f-b077820941de\" href=\"https:\/\/gemeinden.huegelland-taeler.de\/wp-content\/uploads\/2025\/06\/Feuerwehraufwandsentschaedigungssatzung-der-Gemeinde-Renthendorf.pdf\">Feuerwehraufwandsentschaedigungssatzung-der-Gemeinde-Renthendorf<\/a><a href=\"https:\/\/gemeinden.huegelland-taeler.de\/wp-content\/uploads\/2025\/06\/Feuerwehraufwandsentschaedigungssatzung-der-Gemeinde-Renthendorf.pdf\" class=\"wp-block-file__button wp-element-button\" download aria-describedby=\"wp-block-file--media-578f39db-b6e1-4884-ba4f-b077820941de\">Herunterladen<\/a><\/div>\n\n\n\n<p>Friedhofssatzung der Gemeinde Renthendorf<\/p>\n\n\n\n<div class=\"wp-block-file\"><a id=\"wp-block-file--media-8b942783-f8a1-4cfa-b53a-a01ca61ef0be\" href=\"https:\/\/gemeinden.huegelland-taeler.de\/wp-content\/uploads\/2025\/06\/Friedhofssatzung-der-Gemeinde-Renthendorf.pdf\">Friedhofssatzung-der-Gemeinde-Renthendorf<\/a><a href=\"https:\/\/gemeinden.huegelland-taeler.de\/wp-content\/uploads\/2025\/06\/Friedhofssatzung-der-Gemeinde-Renthendorf.pdf\" class=\"wp-block-file__button wp-element-button\" download aria-describedby=\"wp-block-file--media-8b942783-f8a1-4cfa-b53a-a01ca61ef0be\">Herunterladen<\/a><\/div>\n\n\n\n<p>Friedhofsgeb\u00fchrensatzung der Gemeinde Renthendorf<\/p>\n\n\n\n<div class=\"wp-block-file\"><a id=\"wp-block-file--media-08f2f117-c7d1-4601-ac77-35e0df787659\" href=\"https:\/\/gemeinden.huegelland-taeler.de\/wp-content\/uploads\/2025\/06\/Friedhofsgebuehrensatzung-der-Gemeinde-Renthendorf.pdf\">Friedhofsgebuehrensatzung-der-Gemeinde-Renthendorf<\/a><a href=\"https:\/\/gemeinden.huegelland-taeler.de\/wp-content\/uploads\/2025\/06\/Friedhofsgebuehrensatzung-der-Gemeinde-Renthendorf.pdf\" class=\"wp-block-file__button wp-element-button\" download aria-describedby=\"wp-block-file--media-08f2f117-c7d1-4601-ac77-35e0df787659\">Herunterladen<\/a><\/div>\n\n\n\n<p>Satzung \u00fcber die Benutzung der Kindertageseinrichtung Villa Kunterbunt der Gemeinde Renthendorf<\/p>\n\n\n\n<div class=\"wp-block-file\"><a id=\"wp-block-file--media-2192bb35-7748-48df-89f3-43310ca6ee2a\" href=\"https:\/\/gemeinden.huegelland-taeler.de\/wp-content\/uploads\/2025\/06\/Satzung-ueber-die-Benutzung-der-Kindertageseinrichtung-Villa-Kunterbunt-der-Gemeinde-Renthendorf.pdf\">Satzung-ueber-die-Benutzung-der-Kindertageseinrichtung-Villa-Kunterbunt-der-Gemeinde-Renthendorf<\/a><a href=\"https:\/\/gemeinden.huegelland-taeler.de\/wp-content\/uploads\/2025\/06\/Satzung-ueber-die-Benutzung-der-Kindertageseinrichtung-Villa-Kunterbunt-der-Gemeinde-Renthendorf.pdf\" class=\"wp-block-file__button wp-element-button\" download aria-describedby=\"wp-block-file--media-2192bb35-7748-48df-89f3-43310ca6ee2a\">Herunterladen<\/a><\/div>\n\n\n\n<p>Geb\u00fchrensatzung \u00fcber die Benutzung der Kindertageseinrichtung der Gemeinde Renthendorf<\/p>\n\n\n\n<div class=\"wp-block-file\"><a id=\"wp-block-file--media-1578e64b-be89-4601-9105-7027a0adf4e7\" href=\"https:\/\/gemeinden.huegelland-taeler.de\/wp-content\/uploads\/2025\/06\/Gebuehrensatzung-ueber-die-Benutzung-der-Kindertageseinrichtung-der-Gemeinde-Renthendorf.pdf\">Gebuehrensatzung-ueber-die-Benutzung-der-Kindertageseinrichtung-der-Gemeinde-Renthendorf<\/a><a href=\"https:\/\/gemeinden.huegelland-taeler.de\/wp-content\/uploads\/2025\/06\/Gebuehrensatzung-ueber-die-Benutzung-der-Kindertageseinrichtung-der-Gemeinde-Renthendorf.pdf\" class=\"wp-block-file__button wp-element-button\" download aria-describedby=\"wp-block-file--media-1578e64b-be89-4601-9105-7027a0adf4e7\">Herunterladen<\/a><\/div>\n\n\n\n<p>Nutzungsordnung f\u00fcr die Turnhalle und den Vereinsraum in Renthendorf<\/p>\n\n\n\n<div class=\"wp-block-file\"><a id=\"wp-block-file--media-a7a4b4a8-1a93-4b35-9938-ce4cfaa7318b\" href=\"https:\/\/gemeinden.huegelland-taeler.de\/wp-content\/uploads\/2025\/06\/Nutzungsordnung-fuer-die-Turnhalle-und-den-Vereinsraum-in-Renthendorf.pdf\">Nutzungsordnung-fuer-die-Turnhalle-und-den-Vereinsraum-in-Renthendorf<\/a><a href=\"https:\/\/gemeinden.huegelland-taeler.de\/wp-content\/uploads\/2025\/06\/Nutzungsordnung-fuer-die-Turnhalle-und-den-Vereinsraum-in-Renthendorf.pdf\" class=\"wp-block-file__button wp-element-button\" download aria-describedby=\"wp-block-file--media-a7a4b4a8-1a93-4b35-9938-ce4cfaa7318b\">Herunterladen<\/a><\/div>\n\n\n\n<p>Nutzungsordnung f\u00fcr den Vereinsraum in Hellborn<\/p>\n\n\n\n<div class=\"wp-block-file\"><a id=\"wp-block-file--media-c1a631d1-3ab8-4d2c-9114-13d391727f0b\" href=\"https:\/\/gemeinden.huegelland-taeler.de\/wp-content\/uploads\/2025\/06\/Nutzungsordnung-fuer-den-Vereinsraum-in-Hellborn.pdf\">Nutzungsordnung-fuer-den-Vereinsraum-in-Hellborn<\/a><a href=\"https:\/\/gemeinden.huegelland-taeler.de\/wp-content\/uploads\/2025\/06\/Nutzungsordnung-fuer-den-Vereinsraum-in-Hellborn.pdf\" class=\"wp-block-file__button wp-element-button\" download aria-describedby=\"wp-block-file--media-c1a631d1-3ab8-4d2c-9114-13d391727f0b\">Herunterladen<\/a><\/div>\n\n\n\n<p>Verwaltungskostensatzung der Gemeinde Renthendorf<\/p>\n\n\n\n<div class=\"wp-block-file\"><a id=\"wp-block-file--media-7d891afc-c47d-4279-8356-f568f27cbffa\" href=\"https:\/\/gemeinden.huegelland-taeler.de\/wp-content\/uploads\/2025\/06\/Verwaltungskostensatzung-der-Gemeinde-Renthendorf.pdf\">Verwaltungskostensatzung-der-Gemeinde-Renthendorf<\/a><a href=\"https:\/\/gemeinden.huegelland-taeler.de\/wp-content\/uploads\/2025\/06\/Verwaltungskostensatzung-der-Gemeinde-Renthendorf.pdf\" class=\"wp-block-file__button wp-element-button\" download aria-describedby=\"wp-block-file--media-7d891afc-c47d-4279-8356-f568f27cbffa\">Herunterladen<\/a><\/div>\n\n\n\n<p>Stra\u00dfenreinigungssatzung der Gemeinde Renthendorf<\/p>\n\n\n\n<div class=\"wp-block-file\"><a id=\"wp-block-file--media-c70255d4-1505-4921-90d3-9d9ac8f3d6f8\" href=\"https:\/\/gemeinden.huegelland-taeler.de\/wp-content\/uploads\/2025\/06\/Strassenreinigungssatzung-der-Gemeinde-Renthendorf.pdf\">Strassenreinigungssatzung-der-Gemeinde-Renthendorf<\/a><a href=\"https:\/\/gemeinden.huegelland-taeler.de\/wp-content\/uploads\/2025\/06\/Strassenreinigungssatzung-der-Gemeinde-Renthendorf.pdf\" class=\"wp-block-file__button wp-element-button\" download aria-describedby=\"wp-block-file--media-c70255d4-1505-4921-90d3-9d9ac8f3d6f8\">Herunterladen<\/a><\/div>\n","protected":false},"excerpt":{"rendered":"<p>Hauptsatzung der Gemeinde Renthendorf Hebesatzsatzung der Gemeinde Renthendorf Hundesteuersatzung der Gemeinde Renthendorf Feuerwehrsatzung der Gemeinde Renthendorf Feuerwehrgeb\u00fchrensatzung der Gemeinde Renthendorf Feuerwehraufwandsentsch\u00e4digungssatzung der Gemeinde Renthendorf Friedhofssatzung der Gemeinde Renthendorf Friedhofsgeb\u00fchrensatzung der Gemeinde Renthendorf Satzung \u00fcber die Benutzung der Kindertageseinrichtung Villa Kunterbunt der Gemeinde Renthendorf Geb\u00fchrensatzung \u00fcber die Benutzung der Kindertageseinrichtung der Gemeinde Renthendorf Nutzungsordnung f\u00fcr die Turnhalle und den Vereinsraum in Renthendorf Nutzungsordnung f\u00fcr den Vereinsraum in Hellborn Verwaltungskostensatzung der Gemeinde Renthendorf Stra\u00dfenreinigungssatzung der Gemeinde Renthendorf<\/p>\n","protected":false},"author":1,"featured_media":0,"parent":604,"menu_order":0,"comment_status":"closed","ping_status":"closed","template":"","meta":[],"_links":{"self":[{"href":"https:\/\/gemeinden.huegelland-taeler.de\/index.php?rest_route=\/wp\/v2\/pages\/1068"}],"collection":[{"href":"https:\/\/gemeinden.huegelland-taeler.de\/index.php?rest_route=\/wp\/v2\/pages"}],"about":[{"href":"https:\/\/gemeinden.huegelland-taeler.de\/index.php?rest_route=\/wp\/v2\/types\/page"}],"author":[{"embeddable":true,"href":"https:\/\/gemeinden.huegelland-taeler.de\/index.php?rest_route=\/wp\/v2\/users\/1"}],"replies":[{"embeddable":true,"href":"https:\/\/gemeinden.huegelland-taeler.de\/index.php?rest_route=%2Fwp%2Fv2%2Fcomments&post=1068"}],"version-history":[{"count":18,"href":"https:\/\/gemeinden.huegelland-taeler.de\/index.php?rest_route=\/wp\/v2\/pages\/1068\/revisions"}],"predecessor-version":[{"id":2144,"href":"https:\/\/gemeinden.huegelland-taeler.de\/index.php?rest_route=\/wp\/v2\/pages\/1068\/revisions\/2144"}],"up":[{"embeddable":true,"href":"https:\/\/gemeinden.huegelland-taeler.de\/index.php?rest_route=\/wp\/v2\/pages\/604"}],"wp:attachment":[{"href":"https:\/\/gemeinden.huegelland-taeler.de\/index.php?rest_route=%2Fwp%2Fv2%2Fmedia&parent=1068"}],"curies":[{"name":"wp","href":"https:\/\/api.w.org\/{rel}","templated":true}]}}